{"id":77,"date":"2024-07-15T09:29:05","date_gmt":"2024-07-15T09:29:05","guid":{"rendered":"https:\/\/nostalgic-elion.185-178-193-234.plesk.page\/?page_id=77"},"modified":"2024-12-13T13:09:43","modified_gmt":"2024-12-13T13:09:43","slug":"laermschutzwaende","status":"publish","type":"page","link":"https:\/\/nostalgic-elion.185-178-193-234.plesk.page\/index.php\/laermschutzwaende\/","title":{"rendered":"L\u00e4rmschutzw\u00e4nde"},"content":{"rendered":"<div class=\"wpb-content-wrapper\"><p>[vc_row gap=&#8220;15&#8243; parallax_content=&#8220;parallax_content_value&#8220; ult_hide_row=&#8220;ult_hide_row_value&#8220; ult_hide_row_tablet=&#8220;Tablet&#8220; ult_hide_row_tablet_small=&#8220;xs_tablet&#8220; ult_hide_row_mobile=&#8220;mobil&#8220; ult_hide_row_mobile_large=&#8220;xl_mobile&#8220; css=&#8220;.vc_custom_1718886108666{padding-top: 50px !important;}&#8220;][vc_column offset=&#8220;vc_hidden-sm vc_hidden-xs&#8220;][vc_column_text css=&#8220;&#8220;]<\/p>\n<h1>L\u00e4rmbest\u00e4ndigkeit auf h\u00f6chstem Niveau \u2013 alles aus Stahl gefertigt<\/h1>\n<div>\n<div>\n<div>\n<p>Gebogene Stahlst\u00fctzen in Verbindung mit Glas geh\u00f6ren zu den \u00e4sthetisch sch\u00f6nsten Konstruktionen in der Bew\u00e4ltigung von L\u00e4rm durch Strassen- oder Bahnverkehr. Darin sind wir Profi.<\/p>\n<p>Mit unseren Spezialisten im Stahlbau und einem modernen Maschinenpark k\u00f6nnen wir unsere Kunden mit L\u00e4rmschutzl\u00f6sungen beliefern, die effizient, kostenorientiert und dennoch spezifisch erstellt werden. Dank unserem permanenten grossen Lager an Stahlprofilen bieten wir unsere L\u00f6sungen ohne lange Wartezeiten an \u2013 auch in Schadenf\u00e4llen k\u00f6nnen wir schneller reagieren als die Konkurrenz. Ben\u00f6tigen Sie Unterst\u00fctzung in der Planung sowie Herstellung ihrer L\u00e4rmschutzw\u00e4nde? Treten Sie mit uns in Kontakt.<\/p>\n<\/div>\n<\/div>\n<\/div>\n<p>[\/vc_column_text][vc_empty_space height=&#8220;15&#8243;]<style type=\"text\/css\" data-type=\"the7_shortcodes-inline-css\">.gallery-carousel-shortcode.gallery-carousel-shortcode-id-82cdf6e2743cd37878eabab62489abcc .owl-nav a {\n  width: 36px;\n  height: 36px;\n  border-radius: 500px;\n}\n.dt-arrow-border-on.gallery-carousel-shortcode.gallery-carousel-shortcode-id-82cdf6e2743cd37878eabab62489abcc .owl-nav a:not(:hover):before {\n  border-width: 0px;\n}\n.dt-arrow-hover-border-on.gallery-carousel-shortcode.gallery-carousel-shortcode-id-82cdf6e2743cd37878eabab62489abcc .owl-nav a:hover:after {\n  border-width: 0px;\n}\n.gallery-carousel-shortcode.gallery-carousel-shortcode-id-82cdf6e2743cd37878eabab62489abcc .owl-nav a.owl-prev {\n  top: -40px;\n  right: 20px;\n}\n.gallery-carousel-shortcode.gallery-carousel-shortcode-id-82cdf6e2743cd37878eabab62489abcc .owl-nav a.owl-prev i {\n  padding: 0px 0px 0px 0px;\n}\n.gallery-carousel-shortcode.gallery-carousel-shortcode-id-82cdf6e2743cd37878eabab62489abcc .owl-nav a.owl-next {\n  top: -40px;\n  right: 0px;\n}\n.gallery-carousel-shortcode.gallery-carousel-shortcode-id-82cdf6e2743cd37878eabab62489abcc .owl-nav a.owl-next i {\n  padding: 0px 0px 0px 0px;\n}\n.gallery-carousel-shortcode.gallery-carousel-shortcode-id-82cdf6e2743cd37878eabab62489abcc .owl-nav i {\n  font-size: 18px;\n}\n.gallery-carousel-shortcode.gallery-carousel-shortcode-id-82cdf6e2743cd37878eabab62489abcc .owl-nav a:not(:hover) i,\n.gallery-carousel-shortcode.gallery-carousel-shortcode-id-82cdf6e2743cd37878eabab62489abcc .owl-nav a:not(:hover) i:before {\n  color: #3f3f3f;\n  background: none;\n}\n.gallery-carousel-shortcode.gallery-carousel-shortcode-id-82cdf6e2743cd37878eabab62489abcc .owl-nav a:hover i,\n.gallery-carousel-shortcode.gallery-carousel-shortcode-id-82cdf6e2743cd37878eabab62489abcc .owl-nav a:hover i:before {\n  color: rgba(158,158,158,0.75);\n  background: none;\n}\n.gallery-carousel-shortcode.gallery-carousel-shortcode-id-82cdf6e2743cd37878eabab62489abcc .owl-dots {\n  top: calc(100% + 20px);\n  left: 50%;\n  transform: translateX(calc(-50% + 0px));\n}\n@media all and (-ms-high-contrast: none) {\n  .gallery-carousel-shortcode.gallery-carousel-shortcode-id-82cdf6e2743cd37878eabab62489abcc .owl-dots {\n    transform: translateX(-50%);\n    margin-left: 0px;\n  }\n}\n.gallery-carousel-shortcode.gallery-carousel-shortcode-id-82cdf6e2743cd37878eabab62489abcc .owl-dot {\n  width: 10px;\n  height: 10px;\n  margin: 0 8px;\n}\n@media screen and (max-width: 778px) {\n  .gallery-carousel-shortcode.gallery-carousel-shortcode-id-82cdf6e2743cd37878eabab62489abcc.hide-arrows .owl-nav a {\n    display: none;\n  }\n}\n@media screen and (max-width: 778px) {\n  .gallery-carousel-shortcode.gallery-carousel-shortcode-id-82cdf6e2743cd37878eabab62489abcc.reposition-arrows .owl-nav .owl-prev {\n    top: -40px;\n    right: 10px;\n  }\n  .gallery-carousel-shortcode.gallery-carousel-shortcode-id-82cdf6e2743cd37878eabab62489abcc.reposition-arrows .owl-nav .owl-next {\n    top: -40px;\n    right: 10px;\n  }\n}\n.gallery-carousel-shortcode.gallery-carousel-shortcode-id-82cdf6e2743cd37878eabab62489abcc figure,\n.gallery-carousel-shortcode.gallery-carousel-shortcode-id-82cdf6e2743cd37878eabab62489abcc .rollover,\n.gallery-carousel-shortcode.gallery-carousel-shortcode-id-82cdf6e2743cd37878eabab62489abcc img,\n.gallery-carousel-shortcode.gallery-carousel-shortcode-id-82cdf6e2743cd37878eabab62489abcc .gallery-rollover {\n  border-radius: 0px;\n}\n.gallery-carousel-shortcode.gallery-carousel-shortcode-id-82cdf6e2743cd37878eabab62489abcc.enable-bg-rollover .gallery-rollover {\n  background: rgba(0,0,0,0.06);\n  box-shadow: none;\n  background: -webkit-linear-gradient();\n  background: linear-gradient();\n}\n.gallery-carousel-shortcode.gallery-carousel-shortcode-id-82cdf6e2743cd37878eabab62489abcc.enable-img-shadow .owl-stage-outer {\n  padding: 14px 0;\n}\n.gallery-carousel-shortcode.gallery-carousel-shortcode-id-82cdf6e2743cd37878eabab62489abcc.enable-bg-rollover.hover-scale figure .rollover:after {\n  background: rgba(0,0,0,0.06);\n  box-shadow: none;\n  background: -webkit-linear-gradient();\n  background: linear-gradient();\n}\n.gallery-carousel-shortcode.gallery-carousel-shortcode-id-82cdf6e2743cd37878eabab62489abcc.gallery-shortcode .gallery-zoom-ico {\n  width: 44px;\n  height: 44px;\n  line-height: 44px;\n  border-radius: 100px;\n  margin: -22px 0 0 -22px;\n  border-width: 0px;\n}\n.dt-icon-bg-on.gallery-carousel-shortcode.gallery-carousel-shortcode-id-82cdf6e2743cd37878eabab62489abcc.gallery-shortcode .gallery-zoom-ico {\n  background: rgba(255,255,255,0.3);\n  box-shadow: none;\n}\n.gallery-carousel-shortcode.gallery-carousel-shortcode-id-82cdf6e2743cd37878eabab62489abcc.gallery-shortcode .gallery-zoom-ico:before,\n.gallery-carousel-shortcode.gallery-carousel-shortcode-id-82cdf6e2743cd37878eabab62489abcc.gallery-shortcode .gallery-zoom-ico span {\n  font-size: 32px;\n  line-height: 44px;\n  color: #ffffff;\n  background: none;\n}\n<\/style><div class=\"owl-carousel gallery-carousel-shortcode gallery-shortcode  dt-gallery-container dt-owl-carousel-call gallery-carousel-shortcode-id-82cdf6e2743cd37878eabab62489abcc scale-img enable-bg-rollover meta-info-off bullets-small-dot-stroke reposition-arrows dt-icon-bg-off arrows-bg-off disable-arrows-hover-bg arrows-hover-bg-off  hover-fade \" data-scroll-mode=\"1\" data-col-num=\"4\" data-wide-col-num=\"4\" data-laptop-col=\"5\" data-h-tablet-columns-num=\"4\" data-v-tablet-columns-num=\"3\" data-phone-columns-num=\"1\" data-col-gap=\"10\" data-stage-padding=\"0\" data-speed=\"600\" data-autoplay=\"false\" data-autoplay_speed=\"6000\" data-arrows=\"true\" data-bullet=\"false\" data-next-icon=\"icon-ar-017-r\" data-prev-icon=\"icon-ar-017-l\" data-img-shadow-size=\"12px\" data-img-shadow-spread=\"3px\"><div data-post-id=\"78\" data-date=\"2024-07-15T09:28:09+00:00\" data-name=\"Bildschirmfoto-2018-01-21-um-10.03.30-e1521096468267 (1)\"><figure class=\"post\"><a href=\"https:\/\/nostalgic-elion.185-178-193-234.plesk.page\/wp-content\/uploads\/2024\/07\/Bildschirmfoto-2018-01-21-um-10.03.30-e1521096468267-1.png\" class=\"rollover dt-pswp-item layzr-bg\" data-large_image_width=\"500\" data-large_image_height=\"373\" data-dt-img-description=\"\" title=\"Bildschirmfoto-2018-01-21-um-10.03.30-e1521096468267 (1)\"><img fetchpriority=\"high\" decoding=\"async\" class=\"preload-me owl-lazy-load aspect\" src=\"data:image\/svg+xml,%3Csvg%20xmlns%3D&#39;http%3A%2F%2Fwww.w3.org%2F2000%2Fsvg&#39;%20viewBox%3D&#39;0%200%20497%20373&#39;%2F%3E\" data-src=\"https:\/\/nostalgic-elion.185-178-193-234.plesk.page\/wp-content\/uploads\/2024\/07\/Bildschirmfoto-2018-01-21-um-10.03.30-e1521096468267-1-497x373.png\" data-srcset=\"https:\/\/nostalgic-elion.185-178-193-234.plesk.page\/wp-content\/uploads\/2024\/07\/Bildschirmfoto-2018-01-21-um-10.03.30-e1521096468267-1-497x373.png 497w\" loading=\"eager\" style=\"--ratio: 497 \/ 373\" sizes=\"(max-width: 497px) 100vw, 497px\" alt=\"\" width=\"497\" height=\"373\"  \/><span class=\"gallery-rollover\"><\/span><\/a><\/figure><\/div><div data-post-id=\"79\" data-date=\"2024-07-15T09:28:10+00:00\" data-name=\"Bildschirmfoto-2018-01-21-um-10.03.15-e1521096434528 (1)\"><figure class=\"post\"><a href=\"https:\/\/nostalgic-elion.185-178-193-234.plesk.page\/wp-content\/uploads\/2024\/07\/Bildschirmfoto-2018-01-21-um-10.03.15-e1521096434528-1.png\" class=\"rollover dt-pswp-item layzr-bg\" data-large_image_width=\"500\" data-large_image_height=\"374\" data-dt-img-description=\"\" title=\"Bildschirmfoto-2018-01-21-um-10.03.15-e1521096434528 (1)\"><img decoding=\"async\" class=\"preload-me owl-lazy-load aspect\" src=\"data:image\/svg+xml,%3Csvg%20xmlns%3D&#39;http%3A%2F%2Fwww.w3.org%2F2000%2Fsvg&#39;%20viewBox%3D&#39;0%200%20498%20374&#39;%2F%3E\" data-src=\"https:\/\/nostalgic-elion.185-178-193-234.plesk.page\/wp-content\/uploads\/2024\/07\/Bildschirmfoto-2018-01-21-um-10.03.15-e1521096434528-1-498x374.png\" data-srcset=\"https:\/\/nostalgic-elion.185-178-193-234.plesk.page\/wp-content\/uploads\/2024\/07\/Bildschirmfoto-2018-01-21-um-10.03.15-e1521096434528-1-498x374.png 498w\" loading=\"eager\" style=\"--ratio: 498 \/ 374\" sizes=\"(max-width: 498px) 100vw, 498px\" alt=\"\" width=\"498\" height=\"374\"  \/><span class=\"gallery-rollover\"><\/span><\/a><\/figure><\/div><div data-post-id=\"80\" data-date=\"2024-07-15T09:28:12+00:00\" data-name=\"Bildschirmfoto-2018-01-21-um-10.03.02-e1521096401676 (1)\"><figure class=\"post\"><a href=\"https:\/\/nostalgic-elion.185-178-193-234.plesk.page\/wp-content\/uploads\/2024\/07\/Bildschirmfoto-2018-01-21-um-10.03.02-e1521096401676-1.png\" class=\"rollover dt-pswp-item layzr-bg\" data-large_image_width=\"500\" data-large_image_height=\"376\" data-dt-img-description=\"\" title=\"Bildschirmfoto-2018-01-21-um-10.03.02-e1521096401676 (1)\"><img decoding=\"async\" class=\"preload-me owl-lazy-load aspect\" src=\"data:image\/svg+xml,%3Csvg%20xmlns%3D&#39;http%3A%2F%2Fwww.w3.org%2F2000%2Fsvg&#39;%20viewBox%3D&#39;0%200%20500%20375&#39;%2F%3E\" data-src=\"https:\/\/nostalgic-elion.185-178-193-234.plesk.page\/wp-content\/uploads\/2024\/07\/Bildschirmfoto-2018-01-21-um-10.03.02-e1521096401676-1.png\" data-srcset=\"https:\/\/nostalgic-elion.185-178-193-234.plesk.page\/wp-content\/uploads\/2024\/07\/Bildschirmfoto-2018-01-21-um-10.03.02-e1521096401676-1.png 500w\" loading=\"eager\" style=\"--ratio: 500 \/ 375\" sizes=\"(max-width: 500px) 100vw, 500px\" alt=\"\" width=\"500\" height=\"375\"  \/><span class=\"gallery-rollover\"><\/span><\/a><\/figure><\/div><\/div>[\/vc_column][\/vc_row][vc_row gap=&#8220;15&#8243; parallax_content=&#8220;parallax_content_value&#8220; ult_hide_row=&#8220;ult_hide_row_value&#8220; ult_hide_row_large_screen=&#8220;large_screen&#8220; ult_hide_row_desktop=&#8220;desktop&#8220; ult_hide_row_tablet=&#8220;tablet&#8220;][vc_column offset=&#8220;vc_hidden-lg vc_hidden-md&#8220;][vc_column_text css=&#8220;&#8220;]<\/p>\n<h2>L\u00e4rmbest\u00e4ndigkeit auf h\u00f6chstem Niveau \u2013 alles aus Stahl gefertigt<\/h2>\n<div>\n<div>\n<div>\n<p>Gebogene Stahlst\u00fctzen in Verbindung mit Glas geh\u00f6ren zu den \u00e4sthetisch sch\u00f6nsten Konstruktionen in der Bew\u00e4ltigung von L\u00e4rm durch Strassen- oder Bahnverkehr. Darin sind wir Profi.<\/p>\n<p>Mit unseren Spezialisten im Stahlbau und einem modernen Maschinenpark k\u00f6nnen wir unsere Kunden mit L\u00e4rmschutzl\u00f6sungen beliefern, die effizient, kostenorientiert und dennoch spezifisch erstellt werden. Dank unserem permanenten grossen Lager an Stahlprofilen bieten wir unsere L\u00f6sungen ohne lange Wartezeiten an \u2013 auch in Schadenf\u00e4llen k\u00f6nnen wir schneller reagieren als die Konkurrenz. Ben\u00f6tigen Sie Unterst\u00fctzung in der Planung sowie Herstellung ihrer L\u00e4rmschutzw\u00e4nde? Treten Sie mit uns in Kontakt.<\/p>\n<\/div>\n<\/div>\n<\/div>\n<p>[\/vc_column_text][vc_empty_space height=&#8220;15&#8243;]<style type=\"text\/css\" data-type=\"the7_shortcodes-inline-css\">.gallery-carousel-shortcode.gallery-carousel-shortcode-id-3c730d3e95ad2aa5d8d718949d6ea09a .owl-nav a {\n  width: 36px;\n  height: 36px;\n  border-radius: 500px;\n}\n.dt-arrow-border-on.gallery-carousel-shortcode.gallery-carousel-shortcode-id-3c730d3e95ad2aa5d8d718949d6ea09a .owl-nav a:not(:hover):before {\n  border-width: 0px;\n}\n.dt-arrow-hover-border-on.gallery-carousel-shortcode.gallery-carousel-shortcode-id-3c730d3e95ad2aa5d8d718949d6ea09a .owl-nav a:hover:after {\n  border-width: 0px;\n}\n.gallery-carousel-shortcode.gallery-carousel-shortcode-id-3c730d3e95ad2aa5d8d718949d6ea09a .owl-nav a.owl-prev {\n  top: -40px;\n  left: 0px;\n}\n.gallery-carousel-shortcode.gallery-carousel-shortcode-id-3c730d3e95ad2aa5d8d718949d6ea09a .owl-nav a.owl-prev i {\n  padding: 0px 0px 0px 0px;\n}\n.gallery-carousel-shortcode.gallery-carousel-shortcode-id-3c730d3e95ad2aa5d8d718949d6ea09a .owl-nav a.owl-next {\n  top: -40px;\n  right: 0px;\n}\n.gallery-carousel-shortcode.gallery-carousel-shortcode-id-3c730d3e95ad2aa5d8d718949d6ea09a .owl-nav a.owl-next i {\n  padding: 0px 0px 0px 0px;\n}\n.gallery-carousel-shortcode.gallery-carousel-shortcode-id-3c730d3e95ad2aa5d8d718949d6ea09a .owl-nav i {\n  font-size: 18px;\n}\n.gallery-carousel-shortcode.gallery-carousel-shortcode-id-3c730d3e95ad2aa5d8d718949d6ea09a .owl-nav a:not(:hover) i,\n.gallery-carousel-shortcode.gallery-carousel-shortcode-id-3c730d3e95ad2aa5d8d718949d6ea09a .owl-nav a:not(:hover) i:before {\n  color: #3f3f3f;\n  background: none;\n}\n.gallery-carousel-shortcode.gallery-carousel-shortcode-id-3c730d3e95ad2aa5d8d718949d6ea09a .owl-nav a:hover i,\n.gallery-carousel-shortcode.gallery-carousel-shortcode-id-3c730d3e95ad2aa5d8d718949d6ea09a .owl-nav a:hover i:before {\n  color: rgba(158,158,158,0.75);\n  background: none;\n}\n.gallery-carousel-shortcode.gallery-carousel-shortcode-id-3c730d3e95ad2aa5d8d718949d6ea09a .owl-dots {\n  top: calc(100% + 20px);\n  left: 50%;\n  transform: translateX(calc(-50% + 0px));\n}\n@media all and (-ms-high-contrast: none) {\n  .gallery-carousel-shortcode.gallery-carousel-shortcode-id-3c730d3e95ad2aa5d8d718949d6ea09a .owl-dots {\n    transform: translateX(-50%);\n    margin-left: 0px;\n  }\n}\n.gallery-carousel-shortcode.gallery-carousel-shortcode-id-3c730d3e95ad2aa5d8d718949d6ea09a .owl-dot {\n  width: 10px;\n  height: 10px;\n  margin: 0 8px;\n}\n@media screen and (max-width: 778px) {\n  .gallery-carousel-shortcode.gallery-carousel-shortcode-id-3c730d3e95ad2aa5d8d718949d6ea09a.hide-arrows .owl-nav a {\n    display: none;\n  }\n}\n@media screen and (max-width: 778px) {\n  .gallery-carousel-shortcode.gallery-carousel-shortcode-id-3c730d3e95ad2aa5d8d718949d6ea09a.reposition-arrows .owl-nav .owl-prev {\n    top: -40px;\n    left: 10px;\n  }\n  .gallery-carousel-shortcode.gallery-carousel-shortcode-id-3c730d3e95ad2aa5d8d718949d6ea09a.reposition-arrows .owl-nav .owl-next {\n    top: -40px;\n    right: 10px;\n  }\n}\n.gallery-carousel-shortcode.gallery-carousel-shortcode-id-3c730d3e95ad2aa5d8d718949d6ea09a figure,\n.gallery-carousel-shortcode.gallery-carousel-shortcode-id-3c730d3e95ad2aa5d8d718949d6ea09a .rollover,\n.gallery-carousel-shortcode.gallery-carousel-shortcode-id-3c730d3e95ad2aa5d8d718949d6ea09a img,\n.gallery-carousel-shortcode.gallery-carousel-shortcode-id-3c730d3e95ad2aa5d8d718949d6ea09a .gallery-rollover {\n  border-radius: 0px;\n}\n.gallery-carousel-shortcode.gallery-carousel-shortcode-id-3c730d3e95ad2aa5d8d718949d6ea09a.enable-bg-rollover .gallery-rollover {\n  background: rgba(0,0,0,0.06);\n  box-shadow: none;\n  background: -webkit-linear-gradient();\n  background: linear-gradient();\n}\n.gallery-carousel-shortcode.gallery-carousel-shortcode-id-3c730d3e95ad2aa5d8d718949d6ea09a.enable-img-shadow .owl-stage-outer {\n  padding: 14px 0;\n}\n.gallery-carousel-shortcode.gallery-carousel-shortcode-id-3c730d3e95ad2aa5d8d718949d6ea09a.enable-bg-rollover.hover-scale figure .rollover:after {\n  background: rgba(0,0,0,0.06);\n  box-shadow: none;\n  background: -webkit-linear-gradient();\n  background: linear-gradient();\n}\n.gallery-carousel-shortcode.gallery-carousel-shortcode-id-3c730d3e95ad2aa5d8d718949d6ea09a.gallery-shortcode .gallery-zoom-ico {\n  width: 44px;\n  height: 44px;\n  line-height: 44px;\n  border-radius: 100px;\n  margin: -22px 0 0 -22px;\n  border-width: 0px;\n}\n.dt-icon-bg-on.gallery-carousel-shortcode.gallery-carousel-shortcode-id-3c730d3e95ad2aa5d8d718949d6ea09a.gallery-shortcode .gallery-zoom-ico {\n  background: rgba(255,255,255,0.3);\n  box-shadow: none;\n}\n.gallery-carousel-shortcode.gallery-carousel-shortcode-id-3c730d3e95ad2aa5d8d718949d6ea09a.gallery-shortcode .gallery-zoom-ico:before,\n.gallery-carousel-shortcode.gallery-carousel-shortcode-id-3c730d3e95ad2aa5d8d718949d6ea09a.gallery-shortcode .gallery-zoom-ico span {\n  font-size: 32px;\n  line-height: 44px;\n  color: #ffffff;\n  background: none;\n}\n<\/style><div class=\"owl-carousel gallery-carousel-shortcode gallery-shortcode  dt-gallery-container dt-owl-carousel-call gallery-carousel-shortcode-id-3c730d3e95ad2aa5d8d718949d6ea09a scale-img enable-bg-rollover meta-info-off bullets-small-dot-stroke reposition-arrows dt-icon-bg-off arrows-bg-off disable-arrows-hover-bg arrows-hover-bg-off  hover-fade \" data-scroll-mode=\"1\" data-col-num=\"4\" data-wide-col-num=\"4\" data-laptop-col=\"5\" data-h-tablet-columns-num=\"4\" data-v-tablet-columns-num=\"3\" data-phone-columns-num=\"1\" data-col-gap=\"10\" data-stage-padding=\"0\" data-speed=\"600\" data-autoplay=\"false\" data-autoplay_speed=\"6000\" data-arrows=\"true\" data-bullet=\"false\" data-next-icon=\"icon-ar-017-r\" data-prev-icon=\"icon-ar-017-l\" data-img-shadow-size=\"12px\" data-img-shadow-spread=\"3px\"><div data-post-id=\"78\" data-date=\"2024-07-15T09:28:09+00:00\" data-name=\"Bildschirmfoto-2018-01-21-um-10.03.30-e1521096468267 (1)\"><figure class=\"post\"><a href=\"https:\/\/nostalgic-elion.185-178-193-234.plesk.page\/wp-content\/uploads\/2024\/07\/Bildschirmfoto-2018-01-21-um-10.03.30-e1521096468267-1.png\" class=\"rollover dt-pswp-item layzr-bg\" data-large_image_width=\"500\" data-large_image_height=\"373\" data-dt-img-description=\"\" title=\"Bildschirmfoto-2018-01-21-um-10.03.30-e1521096468267 (1)\"><img fetchpriority=\"high\" decoding=\"async\" class=\"preload-me owl-lazy-load aspect\" src=\"data:image\/svg+xml,%3Csvg%20xmlns%3D&#39;http%3A%2F%2Fwww.w3.org%2F2000%2Fsvg&#39;%20viewBox%3D&#39;0%200%20497%20373&#39;%2F%3E\" data-src=\"https:\/\/nostalgic-elion.185-178-193-234.plesk.page\/wp-content\/uploads\/2024\/07\/Bildschirmfoto-2018-01-21-um-10.03.30-e1521096468267-1-497x373.png\" data-srcset=\"https:\/\/nostalgic-elion.185-178-193-234.plesk.page\/wp-content\/uploads\/2024\/07\/Bildschirmfoto-2018-01-21-um-10.03.30-e1521096468267-1-497x373.png 497w\" loading=\"eager\" style=\"--ratio: 497 \/ 373\" sizes=\"(max-width: 497px) 100vw, 497px\" alt=\"\" width=\"497\" height=\"373\"  \/><span class=\"gallery-rollover\"><\/span><\/a><\/figure><\/div><div data-post-id=\"79\" data-date=\"2024-07-15T09:28:10+00:00\" data-name=\"Bildschirmfoto-2018-01-21-um-10.03.15-e1521096434528 (1)\"><figure class=\"post\"><a href=\"https:\/\/nostalgic-elion.185-178-193-234.plesk.page\/wp-content\/uploads\/2024\/07\/Bildschirmfoto-2018-01-21-um-10.03.15-e1521096434528-1.png\" class=\"rollover dt-pswp-item layzr-bg\" data-large_image_width=\"500\" data-large_image_height=\"374\" data-dt-img-description=\"\" title=\"Bildschirmfoto-2018-01-21-um-10.03.15-e1521096434528 (1)\"><img decoding=\"async\" class=\"preload-me owl-lazy-load aspect\" src=\"data:image\/svg+xml,%3Csvg%20xmlns%3D&#39;http%3A%2F%2Fwww.w3.org%2F2000%2Fsvg&#39;%20viewBox%3D&#39;0%200%20498%20374&#39;%2F%3E\" data-src=\"https:\/\/nostalgic-elion.185-178-193-234.plesk.page\/wp-content\/uploads\/2024\/07\/Bildschirmfoto-2018-01-21-um-10.03.15-e1521096434528-1-498x374.png\" data-srcset=\"https:\/\/nostalgic-elion.185-178-193-234.plesk.page\/wp-content\/uploads\/2024\/07\/Bildschirmfoto-2018-01-21-um-10.03.15-e1521096434528-1-498x374.png 498w\" loading=\"eager\" style=\"--ratio: 498 \/ 374\" sizes=\"(max-width: 498px) 100vw, 498px\" alt=\"\" width=\"498\" height=\"374\"  \/><span class=\"gallery-rollover\"><\/span><\/a><\/figure><\/div><div data-post-id=\"80\" data-date=\"2024-07-15T09:28:12+00:00\" data-name=\"Bildschirmfoto-2018-01-21-um-10.03.02-e1521096401676 (1)\"><figure class=\"post\"><a href=\"https:\/\/nostalgic-elion.185-178-193-234.plesk.page\/wp-content\/uploads\/2024\/07\/Bildschirmfoto-2018-01-21-um-10.03.02-e1521096401676-1.png\" class=\"rollover dt-pswp-item layzr-bg\" data-large_image_width=\"500\" data-large_image_height=\"376\" data-dt-img-description=\"\" title=\"Bildschirmfoto-2018-01-21-um-10.03.02-e1521096401676 (1)\"><img decoding=\"async\" class=\"preload-me owl-lazy-load aspect\" src=\"data:image\/svg+xml,%3Csvg%20xmlns%3D&#39;http%3A%2F%2Fwww.w3.org%2F2000%2Fsvg&#39;%20viewBox%3D&#39;0%200%20500%20375&#39;%2F%3E\" data-src=\"https:\/\/nostalgic-elion.185-178-193-234.plesk.page\/wp-content\/uploads\/2024\/07\/Bildschirmfoto-2018-01-21-um-10.03.02-e1521096401676-1.png\" data-srcset=\"https:\/\/nostalgic-elion.185-178-193-234.plesk.page\/wp-content\/uploads\/2024\/07\/Bildschirmfoto-2018-01-21-um-10.03.02-e1521096401676-1.png 500w\" loading=\"eager\" style=\"--ratio: 500 \/ 375\" sizes=\"(max-width: 500px) 100vw, 500px\" alt=\"\" width=\"500\" height=\"375\"  \/><span class=\"gallery-rollover\"><\/span><\/a><\/figure><\/div><\/div>[\/vc_column][\/vc_row]<\/p>\n<\/div>","protected":false},"excerpt":{"rendered":"<p>[vc_row gap=&#8220;15&#8243; parallax_content=&#8220;parallax_content_value&#8220; ult_hide_row=&#8220;ult_hide_row_value&#8220; ult_hide_row_tablet=&#8220;Tablet&#8220; ult_hide_row_tablet_small=&#8220;xs_tablet&#8220; ult_hide_row_mobile=&#8220;mobil&#8220; ult_hide_row_mobile_large=&#8220;xl_mobile&#8220; css=&#8220;.vc_custom_1718886108666{padding-top: 50px !important;}&#8220;][vc_column offset=&#8220;vc_hidden-sm vc_hidden-xs&#8220;][vc_column_text css=&#8220;&#8220;] L\u00e4rmbest\u00e4ndigkeit auf h\u00f6chstem Niveau \u2013 alles aus Stahl gefertigt Gebogene Stahlst\u00fctzen in Verbindung mit Glas geh\u00f6ren zu den \u00e4sthetisch sch\u00f6nsten Konstruktionen in der Bew\u00e4ltigung von L\u00e4rm durch Strassen- oder Bahnverkehr. Darin sind wir Profi. Mit unseren Spezialisten im Stahlbau und einem&hellip;<\/p>\n","protected":false},"author":1,"featured_media":0,"parent":0,"menu_order":0,"comment_status":"closed","ping_status":"open","template":"","meta":{"footnotes":""},"class_list":["post-77","page","type-page","status-publish","hentry","description-off"],"_links":{"self":[{"href":"https:\/\/nostalgic-elion.185-178-193-234.plesk.page\/index.php\/wp-json\/wp\/v2\/pages\/77","targetHints":{"allow":["GET"]}}],"collection":[{"href":"https:\/\/nostalgic-elion.185-178-193-234.plesk.page\/index.php\/wp-json\/wp\/v2\/pages"}],"about":[{"href":"https:\/\/nostalgic-elion.185-178-193-234.plesk.page\/index.php\/wp-json\/wp\/v2\/types\/page"}],"author":[{"embeddable":true,"href":"https:\/\/nostalgic-elion.185-178-193-234.plesk.page\/index.php\/wp-json\/wp\/v2\/users\/1"}],"replies":[{"embeddable":true,"href":"https:\/\/nostalgic-elion.185-178-193-234.plesk.page\/index.php\/wp-json\/wp\/v2\/comments?post=77"}],"version-history":[{"count":5,"href":"https:\/\/nostalgic-elion.185-178-193-234.plesk.page\/index.php\/wp-json\/wp\/v2\/pages\/77\/revisions"}],"predecessor-version":[{"id":720,"href":"https:\/\/nostalgic-elion.185-178-193-234.plesk.page\/index.php\/wp-json\/wp\/v2\/pages\/77\/revisions\/720"}],"wp:attachment":[{"href":"https:\/\/nostalgic-elion.185-178-193-234.plesk.page\/index.php\/wp-json\/wp\/v2\/media?parent=77"}],"curies":[{"name":"wp","href":"https:\/\/api.w.org\/{rel}","templated":true}]}}